 0. What are the prime factors of s?
2, 19, 503
Suppose 4*w + 6*w - 690 = 0. Let h = 88 - w. Let c(i) = -i**2 + 25*i + 3. What are the prime factors of c(h)?
3, 13
Suppose 5*o + 8 - 552 = -s, 3*o + 2*s - 325 = 0. What are the prime factors of o?
109
Let r = -105 - -95. Let j(x) be the second derivative of -x**5/20 - 3*x**4/4 - x**3/6 + 17*x**2/2 + 6*x. List the prime factors of j(r).
127
Suppose 2*d - 15 - 1 = 0. Suppose -4*l + 4 = -d. Suppose 0 = l*n - 4*h - 245, 0 = n - 4*h - 83 - 4. What are the prime factors of n?
79
Let y(o) = 119*o - 1. Let l be y(-1). Let k(f) = -4*f**2 + 7*f + 10. Let t be k(-6). Let g = l - t. What are the prime factors of g?
2, 7
Let f = 5580 + -3220. What are the prime factors of f?
2, 5, 59
Let r = -22968 + 32255. What are the prime factors of r?
37, 251
Suppose 0 = 4*q - 2*d - 22894, 4*q + 17160 = 7*q + 2*d. What are the prime factors of q?
2, 2861
Let r be 3 - 18 - 9/3. Let j = r - -26. List the prime factors of j/(-5)*-2*5.
2
Suppose 210 = 6*x + 192. Suppose -1367 = 38*u - 41*u + 5*a, x*u - a - 1375 = 0. What are the prime factors of u?
3, 17
Let v(m) = -3*m**3 - 11*m**2 + 6*m + 13. Suppose 2*z = -86 + 66. List the prime factors of v(z).
17, 109
Suppose -8*f - 206552 + 39480 = 0. List the prime factors of (-2)/12 + f/96*-4.
2, 3, 5, 29
What are the prime factors of (3 + (-3 - 2))*(-3695)/1*2?
2, 5, 739
Let f(n) be the third derivative of n**5/60 - n**4/12 + n**3/2 - n**2 + 12*n. List the prime factors of f(1).
2
Let a = 3324 - -927. What are the prime factors of a?
3, 13, 109
Suppose 0 = -7*a + 10 + 4. Let q be 0 + 574/(10/a - 3). Suppose -11*y = -4*y - q. List the prime factors of y.
41
Let h = -206 - -208. Suppose h*c = -5*r + 1559, 186 = -5*c + 3*r + 4130. List the prime factors of c.
787
What are the prime factors of 7952 - 9*(-10)/45?
2, 41, 97
Let v be 385/75 + -5 - (-88)/15. Suppose 2811 = v*l - 2241. What are the prime factors of l?
2, 421
Let v = -205 + 395. Suppose 0 = -10*w + 420 + v. Let d = w - -26. What are the prime factors of d?
3, 29
Suppose -2*o + 4*p = -2394, 75*o + 5*p - 2394 = 73*o. List the prime factors of o.
3, 7, 19
Suppose 2*l = c - 1138, -3*l + 5*l = -3*c + 3398. Let s = 253 + c. List the prime factors of s.
19, 73
Let s = -2793 - -4093. Let f = 343 + s. List the prime factors of f.
31, 53
Let k = 43 + 46. Let h = 671 - 439. Suppose 4*y + k = j, 2*j - h = -j + 5*y. What are the prime factors of j?
3, 23
Let d = 2509 + 1837. Suppose d = 8*k + 50. Suppose 129 = -4*u + k. What are the prime factors of u?
2, 3, 17
Suppose -32*m + 206548 + 67340 = 0. List the prime factors of m.
3, 317
Suppose -506*r - 30 = -521*r. Let w = 0 - 0. Suppose 2*d + r*d - 300 = w. List the prime factors of d.
3, 5
Suppose 0 = -118*w - 121*w + 782008. List the prime factors of w.
2, 409
Let o(z) = -z**3 + 9*z**2 - 6*z - 13. Suppose u = -3*w - 4*u + 89, -5*w - 3*u = -175. Let h = w - 31. List the prime factors of o(h).
43
Let n = 146 + -145. Let q(s) = 12*s**3 + 3*s**2 - 3*s + 1. List the prime factors of q(n).
13
List the prime factors of ((-16242625)/209)/(-25) - 4/(-11).
3109
Suppose g - 83 = -h + 48, 0 = -3*g + 5*h + 353. Suppose 2*y + g - 1532 = 0. List the prime factors of y.
19, 37
Suppose 41*x + 124312 = -68429. What are the prime factors of x*((-20)/(-30) - 1)?
1567
Suppose 46*n - 96008 - 297766 = 71056. What are the prime factors of n?
5, 43, 47
Suppose 33*r - 244136 - 42978 = 100636. What are the prime factors of r?
2, 5, 47
Suppose 8*l - 74 = -42. Suppose 3*n - 4*j - 168 = 161, 0 = 4*j - l. What are the prime factors of n?
3, 37
Let g(o) = o**3 + o**2 - 7*o - 15. Let c(j) = -3*j**3 - 4*j**2 + 21*j + 44. Let i(x) = 3*c(x) + 8*g(x). Let d = -22 - -15. What are the prime factors of i(d)?
2, 5, 11
Let t(g) = 2*g**2 + 56*g - 58. Let n be t(-29). Suppose -222 = -n*a - 2*a + l, l - 555 = -5*a. What are the prime factors of a?
3, 37
Let u be (39/2 - 8) + (-3)/2. Let o be (-66)/30*-16 - 2/u. Let j = 122 - o. What are the prime factors of j?
3, 29
Let k(h) = 13*h**2 + 3*h + 28. Let u be k(7). Suppose 2842 = 14*p + u. What are the prime factors of p?
2, 7, 11
Suppose -2*q - 610 = 2*v, -2*q - v - 202 = 403. Let o = 112 - q. List the prime factors of o.
2, 103
What are the prime factors of (-262904)/(-24) + 16/(-12)?
3, 1217
Suppose -b + 26 + 9 = 0. Suppose -5*p = 5*k - b, p + 3*k + 8 = -k. Suppose 2*m - m - p = -w, -2*w = -3*m + 51. What are the prime factors of m?
3, 5
What are the prime factors of (-283832)/(-5) - (-17 - 25/((-625)/410))?
56767
Let g be 36/(-45)*-395 - (1 + -2). Let q = 161 + g. List the prime factors of q.
2, 239
Let p be (-2 + 4)/(22/(-7931)). List the prime factors of (p/14)/(2/(-28)).
7, 103
Let k be 12/(-54) + 212/(-18). Let d(o) = o**3 + 11*o**2 - 12*o + 1. Let j be d(k). What are the prime factors of (5 - j)/(1/5)?
2, 5
Suppose -1421660 = -83*w - 48*w - 44588. What are the prime factors of w?
2, 3, 73
What are the prime factors of 1 - (5 - (-220086)/27)*-3?
2, 5, 2447
Let r(w) = 7*w**3 - 149*w**2 - 14*w - 141. What are the prime factors of r(26)?
21803
Let s be (-4)/(4/9) + -1. List the prime factors of (-4)/s - (-3)/((-75)/(-665)).
3
Suppose -2*h + 2 + 16 = 0. Let r be (-756)/(-10) + h/(-15). Let d = 106 - r. What are the prime factors of d?
31
Let y(a) = 8*a**2 - 14*a - 11. Let l be y(-10). Suppose 5*f + 2*b - 4016 = 0, 0 = 3*f + 3*b - l - 1477. List the prime factors of f.
2, 3, 67
Let d(g) = -g + 16. Suppose -k + 4*t = 16, 0 = -3*k - 2*k + 4*t - 16. Suppose 5*y + 42 - 7 = k. List the prime factors of d(y).
23
Suppose -2*x - o + 85 = 0, 6*o = -x + o + 38. Let r = x - 39. Suppose r*k - 12 = -4*m, -5*k - 23 = -3*m + 18. List the prime factors of m.
7
List the prime factors of (980/392)/((-10)/(-5288)).
2, 661
Let x = -440 + 453. Let j(r) = 2*r**3 - 18*r**2 - 4*r + 10. What are the prime factors of j(x)?
2, 5, 131
Let t = -17389 - -35597. What are the prime factors of t?
2, 569
Let k(y) = 4*y**3 + y + 1. Let f be k(-1). Let w be f - (-3 + 39 - -3). Let m = w + 89. List the prime factors of m.
2, 23
Let v = 6045 + -5287. What are the prime factors of v?
2, 379
Suppose -4*v = 2*r - 9*v - 666, 3*r - 1045 = -4*v. Let y = 18 - 4. What are the prime factors of 2/4 + r/y?
5
Let z(q) = -q + 19. Let r be 10 - 0 - (-11 + 5 + 5). Let j be z(r). What are the prime factors of -1 - ((-90)/j)/(-3)*-4?
2, 7
Suppose -2*g + 7*g - 11740 = 0. List the prime factors of g.
2, 587
Let q(y) = 695*y**2 - 9*y - 14. Let i be q(-2). Suppose 17*b - i = 9*b. List the prime factors of b.
2, 3, 29
Let t be (38/(-57))/((-4)/2406). List the prime factors of 2/((4/t)/(3 - 1)).
401
Let x = 10 - 40. Let a be (-10)/x - (-263)/3. Suppose -3*c + a = p + c, p = -3*c + 84. List the prime factors of p.
2, 3
Let s be (-82 - -85)/((-6)/(-4)). List the prime factors of 6/s + 534/9*15.
19, 47
Let b = -35 + 34. Let j be b - 15*10/5. Let q = -17 - j. List the prime factors of q.
2, 7
Let u(x) = 6*x - x + 5*x + 6*x - 50. Let o be u(4). Let s(v) = -v**2 + 22*v + 2. List the prime factors of s(o).
2, 3, 19
Suppose -18*x + 513003 - 227003 + 526376 = 0. What are the prime factors of x?
2, 3, 3761
Suppose -56*c - 15 = -61*c, o + c - 30016 = 0. List the prime factors of o.
30013
Let s be 2/9 - 1909/207. Let z be 4/6 + 6/s. What are the prime factors of (-54 + z)*(-15)/30?
3
Let r = -6090 - -11972. List the prime factors of r.
2, 17, 173
Let i(g) = g**3 - 11*g**2 - 22*g - 49. Let h be i(13). Suppose -h*c - 7569 = -32*c. List the prime factors of c.
3, 29
Suppose 0 = 13*b - 25889 - 81465. Suppose -b = -29*i + 1805. What are the prime factors of i?
347
Let a = -10006 - -14602. List the prime factors of a.
2, 3, 383
Let j(i) = -8*i - 48. Let s be j(-6). Suppose s = 7*q - 3 + 31. Let f(h) = -29*h + 23. What are the prime factors of f(q)?
139
Suppose -4*k = x - 14050, -2*x - 46*k + 28094 = -44*k. List the prime factors of x.
2, 3, 2341
Let t be 1687/63 - (-3 + (-25)/(-9)). Suppose -t*b + 6519 = -7710. List the prime factors of b.
17, 31
Let o = 37 + -32. Suppose 2 = 2*q - 4. Suppose 0 = -w - 5*c - 2, q*w - 117 = o*c - 43. What are the prime factors of w?
2, 3
Let k(y) = -4*y**2 - 13*y + 15. Let b be -1*(1 + 4) - 0. Let m(r) = -7*r**2 - 26*r + 30. Let c(i) = b*k(i) + 3*m(i). What are the prime factors of c(-9)?
3, 17
Suppose -i - 43 = -6*i - 3*y,